{"id":144,"date":"2022-02-08T14:35:05","date_gmt":"2022-02-08T17:35:05","guid":{"rendered":"https:\/\/www.relatostar.com.br\/2022\/?page_id=144"},"modified":"2025-02-19T10:34:44","modified_gmt":"2025-02-19T13:34:44","slug":"mensagem-do-ceo","status":"publish","type":"page","link":"https:\/\/www.relatostar.com.br\/2023\/mensagem-do-ceo\/","title":{"rendered":"Mensagem do CEO"},"content":{"rendered":"\t\t<div data-elementor-type=\"wp-page\" data-elementor-id=\"144\" class=\"elementor elementor-144\" data-elementor-post-type=\"page\">\n\t\t\t\t\t\t<section class=\"elementor-section elementor-top-section elementor-element elementor-element-8eec266 elementor-section-full_width elementor-section-stretched elementor-section-height-min-height elementor-section-height-default elementor-section-items-middle\" data-id=\"8eec266\" data-element_type=\"section\" data-e-type=\"section\" data-settings=\"{&quot;stretch_section&quot;:&quot;section-stretched&quot;,&quot;jet_parallax_layout_list&quot;:[{&quot;_id&quot;:&quot;6f7dc5d&quot;,&quot;jet_parallax_layout_image&quot;:{&quot;url&quot;:&quot;&quot;,&quot;id&quot;:&quot;&quot;,&quot;size&quot;:&quot;&quot;},&quot;jet_parallax_layout_image_laptop&quot;:{&quot;url&quot;:&quot;&quot;,&quot;id&quot;:&quot;&quot;,&quot;size&quot;:&quot;&quot;},&quot;jet_parallax_layout_image_tablet&quot;:{&quot;url&quot;:&quot;&quot;,&quot;id&quot;:&quot;&quot;,&quot;size&quot;:&quot;&quot;},&quot;jet_parallax_layout_image_mobile&quot;:{&quot;url&quot;:&quot;&quot;,&quot;id&quot;:&quot;&quot;,&quot;size&quot;:&quot;&quot;},&quot;jet_parallax_layout_speed&quot;:{&quot;unit&quot;:&quot;%&quot;,&quot;size&quot;:50,&quot;sizes&quot;:[]},&quot;jet_parallax_layout_type&quot;:&quot;scroll&quot;,&quot;jet_parallax_layout_direction&quot;:null,&quot;jet_parallax_layout_fx_direction&quot;:null,&quot;jet_parallax_layout_z_index&quot;:&quot;&quot;,&quot;jet_parallax_layout_bg_x&quot;:50,&quot;jet_parallax_layout_bg_x_laptop&quot;:&quot;&quot;,&quot;jet_parallax_layout_bg_x_tablet&quot;:&quot;&quot;,&quot;jet_parallax_layout_bg_x_mobile&quot;:&quot;&quot;,&quot;jet_parallax_layout_bg_y&quot;:50,&quot;jet_parallax_layout_bg_y_laptop&quot;:&quot;&quot;,&quot;jet_parallax_layout_bg_y_tablet&quot;:&quot;&quot;,&quot;jet_parallax_layout_bg_y_mobile&quot;:&quot;&quot;,&quot;jet_parallax_layout_bg_size&quot;:&quot;auto&quot;,&quot;jet_parallax_layout_bg_size_laptop&quot;:&quot;&quot;,&quot;jet_parallax_layout_bg_size_tablet&quot;:&quot;&quot;,&quot;jet_parallax_layout_bg_size_mobile&quot;:&quot;&quot;,&quot;jet_parallax_layout_animation_prop&quot;:&quot;transform&quot;,&quot;jet_parallax_layout_on&quot;:[&quot;desktop&quot;,&quot;tablet&quot;]}],&quot;background_background&quot;:&quot;classic&quot;}\">\n\t\t\t\t\t\t<div class=\"elementor-container elementor-column-gap-default\">\n\t\t\t\t\t<div class=\"elementor-column elementor-col-100 elementor-top-column elementor-element elementor-element-4a415323\" data-id=\"4a415323\" data-element_type=\"column\" data-e-type=\"column\">\n\t\t\t<div class=\"elementor-widget-wrap\">\n\t\t\t\t\t\t\t<\/div>\n\t\t<\/div>\n\t\t\t\t\t<\/div>\n\t\t<\/section>\n\t\t<div class=\"elementor-element elementor-element-8b65920 e-con-full e-flex e-con e-parent\" data-id=\"8b65920\" data-element_type=\"container\" data-e-type=\"container\" data-settings=\"{&quot;jet_parallax_layout_list&quot;:[]}\">\n\t\t<div class=\"elementor-element elementor-element-16afa93 e-con-full e-flex e-con e-child\" data-id=\"16afa93\" data-element_type=\"container\" data-e-type=\"container\" data-settings=\"{&quot;jet_parallax_layout_list&quot;:[]}\">\n\t\t<div class=\"elementor-element elementor-element-71d323d e-con-full e-flex e-con e-child\" data-id=\"71d323d\" data-element_type=\"container\" data-e-type=\"container\" data-settings=\"{&quot;jet_parallax_layout_list&quot;:[]}\">\n\t\t\t\t<div class=\"elementor-element elementor-element-1bbed2f elementor-widget__width-inherit elementor-widget elementor-widget-heading\" data-id=\"1bbed2f\" data-element_type=\"widget\" data-e-type=\"widget\" data-widget_type=\"heading.default\">\n\t\t\t\t<div class=\"elementor-widget-container\">\n\t\t\t\t\t<span class=\"elementor-heading-title elementor-size-default\">Mensagem do CEO<\/span>\t\t\t\t<\/div>\n\t\t\t\t<\/div>\n\t\t\t\t<\/div>\n\t\t<div class=\"elementor-element elementor-element-a018279 e-con-full e-flex e-con e-child\" data-id=\"a018279\" data-element_type=\"container\" data-e-type=\"container\" data-settings=\"{&quot;jet_parallax_layout_list&quot;:[]}\">\n\t\t<div class=\"elementor-element elementor-element-5710c1d e-con-full e-flex e-con e-child\" data-id=\"5710c1d\" data-element_type=\"container\" data-e-type=\"container\" data-settings=\"{&quot;jet_parallax_layout_list&quot;:[]}\">\n\t\t\t\t<div class=\"elementor-element elementor-element-e021382 elementor-icon-list--layout-traditional elementor-list-item-link-full_width elementor-widget elementor-widget-icon-list\" data-id=\"e021382\" data-element_type=\"widget\" data-e-type=\"widget\" data-widget_type=\"icon-list.default\">\n\t\t\t\t<div class=\"elementor-widget-container\">\n\t\t\t\t\t\t\t<ul class=\"elementor-icon-list-items\">\n\t\t\t\t\t\t\t<li class=\"elementor-icon-list-item\">\n\t\t\t\t\t\t\t\t\t\t\t<a href=\"https:\/\/www.relatostar.com.br\/2023\/\">\n\n\t\t\t\t\t\t\t\t\t\t\t<span class=\"elementor-icon-list-text\">In\u00edcio<\/span>\n\t\t\t\t\t\t\t\t\t\t\t<\/a>\n\t\t\t\t\t\t\t\t\t<\/li>\n\t\t\t\t\t\t<\/ul>\n\t\t\t\t\t\t<\/div>\n\t\t\t\t<\/div>\n\t\t\t\t<div class=\"elementor-element elementor-element-bc7fdc1 elementor-icon-list--layout-traditional elementor-list-item-link-full_width elementor-widget elementor-widget-icon-list\" data-id=\"bc7fdc1\" data-element_type=\"widget\" data-e-type=\"widget\" data-widget_type=\"icon-list.default\">\n\t\t\t\t<div class=\"elementor-widget-container\">\n\t\t\t\t\t\t\t<ul class=\"elementor-icon-list-items\">\n\t\t\t\t\t\t\t<li class=\"elementor-icon-list-item\">\n\t\t\t\t\t\t\t\t\t\t\t<a href=\"https:\/\/www.relatostar.com.br\/2023\/mensagem-do-ceo\">\n\n\t\t\t\t\t\t\t\t\t\t\t\t<span class=\"elementor-icon-list-icon\">\n\t\t\t\t\t\t\t<i aria-hidden=\"true\" class=\"fas fa-caret-right\"><\/i>\t\t\t\t\t\t<\/span>\n\t\t\t\t\t\t\t\t\t\t<span class=\"elementor-icon-list-text\">Mensagem do CEO<\/span>\n\t\t\t\t\t\t\t\t\t\t\t<\/a>\n\t\t\t\t\t\t\t\t\t<\/li>\n\t\t\t\t\t\t<\/ul>\n\t\t\t\t\t\t<\/div>\n\t\t\t\t<\/div>\n\t\t\t\t<\/div>\n\t\t\t\t<\/div>\n\t\t\t\t<\/div>\n\t\t\t\t<\/div>\n\t\t\t\t<section class=\"elementor-section elementor-top-section elementor-element elementor-element-c8db9f0 pd-section elementor-section-boxed elementor-section-height-default elementor-section-height-default\" data-id=\"c8db9f0\" data-element_type=\"section\" data-e-type=\"section\" data-settings=\"{&quot;jet_parallax_layout_list&quot;:[]}\">\n\t\t\t\t\t\t<div class=\"elementor-container elementor-column-gap-default\">\n\t\t\t\t\t<div class=\"elementor-column elementor-col-100 elementor-top-column elementor-element elementor-element-83aa845\" data-id=\"83aa845\" data-element_type=\"column\" data-e-type=\"column\">\n\t\t\t<div class=\"elementor-widget-wrap elementor-element-populated\">\n\t\t\t\t\t\t<div class=\"elementor-element elementor-element-471030b elementor-widget elementor-widget-heading\" data-id=\"471030b\" data-element_type=\"widget\" data-e-type=\"widget\" data-widget_type=\"heading.default\">\n\t\t\t\t<div class=\"elementor-widget-container\">\n\t\t\t\t\t<h2 class=\"elementor-heading-title elementor-size-default\">Reconhecer nosso legado e <br>\n<b>conduzir o futuro da mobilidade no Brasil<\/b><\/h2>\t\t\t\t<\/div>\n\t\t\t\t<\/div>\n\t\t\t\t<div class=\"elementor-element elementor-element-bb0c4f2 elementor-widget elementor-widget-heading\" data-id=\"bb0c4f2\" data-element_type=\"widget\" data-e-type=\"widget\" data-widget_type=\"heading.default\">\n\t\t\t\t<div class=\"elementor-widget-container\">\n\t\t\t\t\t<h6 class=\"elementor-heading-title elementor-size-default\">(GRI 2-22)<\/h6>\t\t\t\t<\/div>\n\t\t\t\t<\/div>\n\t\t\t\t<div class=\"elementor-element elementor-element-6638319 elementor-widget elementor-widget-text-editor\" data-id=\"6638319\" data-element_type=\"widget\" data-e-type=\"widget\" data-widget_type=\"text-editor.default\">\n\t\t\t\t<div class=\"elementor-widget-container\">\n\t\t\t\t\t\t\t\t\t<p>Em 2023, mais do que nunca, comemoramos nossas vit\u00f3rias. Ao olhar para estes 70 anos de Volkswagen no Brasil percebemos, nitidamente, que temos muitos motivos para isso. S\u00e3o sete d\u00e9cadas de trabalhos cont\u00ednuos, inova\u00e7\u00e3o, criatividade e a dedica\u00e7\u00e3o de gera\u00e7\u00f5es que acompanham a evolu\u00e7\u00e3o da nossa Marca.<\/p><p>Avan\u00e7amos em nosso caminho, contemplando toda essa estrada percorrida. Sabemos que conduzir o futuro da mobilidade no Brasil \u00e9 uma das nossas miss\u00f5es. E, nesse aspecto, 2023 trouxe grandes contribui\u00e7\u00f5es, sobretudo para a nossa estrat\u00e9gia ACELERA VW.<\/p><p>Somos uma empresa feita de pessoas e para pessoas. Em 2023, a Volkswagen tornou-se signat\u00e1ria de importantes movimentos sociais, abrangendo todos os cinco pilares que atuamos (equidade de g\u00eanero, igualdade racial, LGBTQIA+, PcDs e gera\u00e7\u00f5es), tornando-se a \u00fanica montadora signat\u00e1ria dos 5 principais movimentos empresariais pela diversidade, equidade e inclus\u00e3o no Pa\u00eds. Recebemos a certifica\u00e7\u00e3o Great Place to Work pelo segundo ano consecutivo e a Top Employer pelo sexto ano. Entramos para o ranking Top 10 da pesquisa \u201cMarca Empregadora 2023\u201d, da Randstad, como uma das empresas mais atrativas para trabalhar no Pa\u00eds. Contabilizamos mais de 7 mil profissionais formados pelo SENAI com a Volkswagen, em 50 anos de parceria.<\/p>\t\t\t\t\t\t\t\t<\/div>\n\t\t\t\t<\/div>\n\t\t\t\t<div class=\"elementor-element elementor-element-167ca1a elementor-widget elementor-widget-image\" data-id=\"167ca1a\" data-element_type=\"widget\" data-e-type=\"widget\" data-widget_type=\"image.default\">\n\t\t\t\t<div class=\"elementor-widget-container\">\n\t\t\t\t\t\t\t\t\t\t\t\t\t\t\t<img fetchpriority=\"high\" decoding=\"async\" width=\"1023\" height=\"575\" src=\"https:\/\/www.relatostar.com.br\/2023\/wp-content\/uploads\/2024\/03\/1a15fdc9-4c76-4327-9f88-884080f69d68_low.jpeg\" class=\"attachment-full size-full wp-image-18121\" alt=\"\" srcset=\"https:\/\/www.relatostar.com.br\/2023\/wp-content\/uploads\/2024\/03\/1a15fdc9-4c76-4327-9f88-884080f69d68_low.jpeg 1023w, https:\/\/www.relatostar.com.br\/2023\/wp-content\/uploads\/2024\/03\/1a15fdc9-4c76-4327-9f88-884080f69d68_low-300x169.jpeg 300w, https:\/\/www.relatostar.com.br\/2023\/wp-content\/uploads\/2024\/03\/1a15fdc9-4c76-4327-9f88-884080f69d68_low-768x432.jpeg 768w\" sizes=\"(max-width: 1023px) 100vw, 1023px\" \/>\t\t\t\t\t\t\t\t\t\t\t\t\t\t\t<\/div>\n\t\t\t\t<\/div>\n\t\t\t\t<div class=\"elementor-element elementor-element-376bf33 elementor-widget elementor-widget-text-editor\" data-id=\"376bf33\" data-element_type=\"widget\" data-e-type=\"widget\" data-widget_type=\"text-editor.default\">\n\t\t\t\t<div class=\"elementor-widget-container\">\n\t\t\t\t\t\t\t\t\t<p>Nossa Ofensiva de Produtos esteve em destaque, com 11 dos 15 lan\u00e7amentos anunciados at\u00e9 2025 j\u00e1 em circula\u00e7\u00e3o no Pa\u00eds. A Volkswagen foi a marca que mais cresceu em volume de vendas no Brasil em 2023. Ao todo, foram 345.039 unidades vendidas, sendo quase 80 mil a mais do que o ano passado. Fechamos o ano na lideran\u00e7a SUV, com mais de 141 mil unidades comercializadas, e destaque para o T-Cross como o SUV mais vendido do Brasil (+72 mil unidades). O Novo Tiguan teve seu 1\u00ba lote esgotado em menos de tr\u00eas horas, com 1.209 unidades comercializadas no lan\u00e7amento com a rede, e o Polo foi o carro de passeio mais vendido do ano, com +111 mil unidades comercializadas. Al\u00e9m disso, demos in\u00edcio \u00e0 nossa estrat\u00e9gia de eletrifica\u00e7\u00e3o com os lan\u00e7amentos do ID.4 e ID.Buzz, oferecidos no programa de assinatura VW Sign &amp; Drive.<\/p><p>Foi um tempo de aprendizado e aperfei\u00e7oamento dos nossos processos, voltados para a digitaliza\u00e7\u00e3o e a agilidade dos servi\u00e7os e entregas, com solu\u00e7\u00f5es mais centrados no cliente. Lan\u00e7amos a fintech VOU, a primeira do setor automobil\u00edstico no Brasil, desenvolvemos nossa \u00e1rea de Customer Experience, que em menos de 12 meses de trabalho obteve o certificado de excel\u00eancia em atendimento do Reclame Aqui. Investimos na nossa rede de concession\u00e1rios para torn\u00e1-las mais humana, pr\u00f3xima, digital, aconchegante e moderna. Ampliamos o New Brand Design para a rede, atualmente em 41%, rumo ao 100% (nossa meta para 2024).<\/p><p>Seguimos rumo \u00e0 mobilidade neutra em carbono. Al\u00e9m do in\u00edcio da eletrifica\u00e7\u00e3o da marca, recebemos o certificado Lixo Zero multisites, que atesta que todas as nossas unidades no Brasil destinam corretamente seus res\u00edduos. Somos a \u00fanica montadora com essa certifica\u00e7\u00e3o no Pa\u00eds. Conquistamos o Selo Ouro no invent\u00e1rio GHG Protocol, metodologia que calcula emiss\u00f5es para descarboniza\u00e7\u00e3o. Todas as unidades da Volkswagen do Brasil utilizam energia el\u00e9trica 100% limpa, proveniente de fontes renov\u00e1veis com o I-REC (Certificado Internacional de Energia Renov\u00e1vel). Para completar, constru\u00edmos importantes parcerias para descarboniza\u00e7\u00e3o do setor automotivo por meio do Way to Zero Center e agora, em 2024, nos preparamos para ser a primeira montadora de ve\u00edculos do Pa\u00eds a utilizar g\u00e1s natural renov\u00e1vel (biometano) nas f\u00e1bricas (Anchieta e Taubat\u00e9).<\/p><p>\u00c9 toda essa bagagem que nos leva a celebrar estes 70 anos da VW. Comemoramos com uma grande festa para mais de 5 mil pessoas no Gin\u00e1sio do Ibirapuera e estendemos as celebra\u00e7\u00f5es para nossas f\u00e1bricas no Family Day, que reuniu mais de 50 mil pessoas. Para continuar as celebra\u00e7\u00f5es e contagiar 2024 com esse clima, reassumimos o 2\u00ba lugar no ranking de vendas do Brasil.<\/p>\t\t\t\t\t\t\t\t<\/div>\n\t\t\t\t<\/div>\n\t\t\t\t\t<\/div>\n\t\t<\/div>\n\t\t\t\t\t<\/div>\n\t\t<\/section>\n\t\t\t\t<section class=\"elementor-section elementor-top-section elementor-element elementor-element-6fcc4af elementor-section-boxed elementor-section-height-default elementor-section-height-default\" data-id=\"6fcc4af\" data-element_type=\"section\" data-e-type=\"section\" data-settings=\"{&quot;jet_parallax_layout_list&quot;:[]}\">\n\t\t\t\t\t\t<div class=\"elementor-container elementor-column-gap-default\">\n\t\t\t\t\t<div class=\"elementor-column elementor-col-50 elementor-top-column elementor-element elementor-element-6acfe84\" data-id=\"6acfe84\" data-element_type=\"column\" data-e-type=\"column\">\n\t\t\t<div class=\"elementor-widget-wrap elementor-element-populated\">\n\t\t\t\t\t\t<div class=\"elementor-element elementor-element-3412746 elementor-widget elementor-widget-text-editor\" data-id=\"3412746\" data-element_type=\"widget\" data-e-type=\"widget\" data-widget_type=\"text-editor.default\">\n\t\t\t\t<div class=\"elementor-widget-container\">\n\t\t\t\t\t\t\t\t\t<p>A Volkswagen se orgulha de ser uma empresa presente na vida dos brasileiros. Reunir esses avan\u00e7os e coletar todos os nossos esfor\u00e7os ao longo do ano \u00e9 um pouco do que compartilhamos aqui, nesta edi\u00e7\u00e3o do nosso Relat\u00f3rio de Sustentabilidade.<\/p><p>Tenha uma boa leitura!<\/p><p><b>Ciro Possobom<\/b><br \/>CEO da Volkswagen do Brasil<\/p>\t\t\t\t\t\t\t\t<\/div>\n\t\t\t\t<\/div>\n\t\t\t\t\t<\/div>\n\t\t<\/div>\n\t\t\t\t<div class=\"elementor-column elementor-col-50 elementor-top-column elementor-element elementor-element-e6f2d4f\" data-id=\"e6f2d4f\" data-element_type=\"column\" data-e-type=\"column\">\n\t\t\t<div class=\"elementor-widget-wrap elementor-element-populated\">\n\t\t\t\t\t\t<div class=\"elementor-element elementor-element-98cba58 elementor-widget elementor-widget-image\" data-id=\"98cba58\" data-element_type=\"widget\" data-e-type=\"widget\" data-widget_type=\"image.default\">\n\t\t\t\t<div class=\"elementor-widget-container\">\n\t\t\t\t\t\t\t\t\t\t\t\t\t\t\t<img decoding=\"async\" width=\"1732\" height=\"1154\" src=\"https:\/\/www.relatostar.com.br\/2023\/wp-content\/uploads\/2024\/03\/27034f83-b7ea-44c1-af1b-368ef257f313.jpeg\" class=\"attachment-full size-full wp-image-16551\" alt=\"\" srcset=\"https:\/\/www.relatostar.com.br\/2023\/wp-content\/uploads\/2024\/03\/27034f83-b7ea-44c1-af1b-368ef257f313.jpeg 1732w, https:\/\/www.relatostar.com.br\/2023\/wp-content\/uploads\/2024\/03\/27034f83-b7ea-44c1-af1b-368ef257f313-300x200.jpeg 300w, https:\/\/www.relatostar.com.br\/2023\/wp-content\/uploads\/2024\/03\/27034f83-b7ea-44c1-af1b-368ef257f313-1024x682.jpeg 1024w, https:\/\/www.relatostar.com.br\/2023\/wp-content\/uploads\/2024\/03\/27034f83-b7ea-44c1-af1b-368ef257f313-768x512.jpeg 768w, https:\/\/www.relatostar.com.br\/2023\/wp-content\/uploads\/2024\/03\/27034f83-b7ea-44c1-af1b-368ef257f313-1536x1023.jpeg 1536w\" sizes=\"(max-width: 1732px) 100vw, 1732px\" \/>\t\t\t\t\t\t\t\t\t\t\t\t\t\t\t<\/div>\n\t\t\t\t<\/div>\n\t\t\t\t\t<\/div>\n\t\t<\/div>\n\t\t\t\t\t<\/div>\n\t\t<\/section>\n\t\t<div class=\"elementor-element elementor-element-7b868e2 e-flex e-con-boxed e-con e-parent\" data-id=\"7b868e2\" data-element_type=\"container\" data-e-type=\"container\" data-settings=\"{&quot;jet_parallax_layout_list&quot;:[]}\">\n\t\t\t\t\t<div class=\"e-con-inner\">\n\t\t<div class=\"elementor-element elementor-element-cddedbe e-con-full e-flex e-con e-child\" data-id=\"cddedbe\" data-element_type=\"container\" data-e-type=\"container\" data-settings=\"{&quot;jet_parallax_layout_list&quot;:[]}\">\n\t\t\t\t<div class=\"elementor-element elementor-element-c1ccec8 elementor-view-framed elementor-widget__width-auto elementor-fixed elementor-shape-circle elementor-widget elementor-widget-icon\" data-id=\"c1ccec8\" data-element_type=\"widget\" data-e-type=\"widget\" data-settings=\"{&quot;_position&quot;:&quot;fixed&quot;}\" data-widget_type=\"icon.default\">\n\t\t\t\t<div class=\"elementor-widget-container\">\n\t\t\t\t\t\t\t<div class=\"elementor-icon-wrapper\">\n\t\t\t<a class=\"elementor-icon\" href=\"https:\/\/www.relatostar.com.br\/2023\/wp-content\/uploads\/2024\/04\/relatostar_com_br_2023_mensagem_do_ceo.pdf\" target=\"_blank\">\n\t\t\t<svg xmlns=\"http:\/\/www.w3.org\/2000\/svg\" xmlns:xlink=\"http:\/\/www.w3.org\/1999\/xlink\" id=\"Camada_1\" x=\"0px\" y=\"0px\" viewBox=\"0 0 700 700\" style=\"enable-background:new 0 0 700 700;\" xml:space=\"preserve\"><path d=\"M553.9,406.3L361.4,598.8c-6.8,6.9-17.9,6.9-24.8,0.1c0,0-0.1-0.1-0.1-0.1L144.1,406.3c-6.9-6.9-6.9-18,0-24.9 c6.9-6.9,18-6.9,24.9,0l162.6,162.8V26.4c0-9.7,7.8-17.5,17.5-17.5s17.5,7.8,17.5,17.5v517.8l162.6-162.8c6.9-6.9,18-6.9,24.9,0 C560.8,388.3,560.8,399.5,553.9,406.3L553.9,406.3z\"><\/path><path d=\"M541.5,673.9h-385c-9.7,0-17.5-7.8-17.5-17.5c0-9.7,7.8-17.5,17.5-17.5h385c9.7,0,17.5,7.8,17.5,17.5 C559,666.1,551.2,673.9,541.5,673.9z\"><\/path><\/svg>\t\t\t<\/a>\n\t\t<\/div>\n\t\t\t\t\t\t<\/div>\n\t\t\t\t<\/div>\n\t\t\t\t<div class=\"elementor-element elementor-element-3b367a5 elementor-view-framed elementor-widget__width-auto elementor-fixed elementor-shape-circle elementor-widget elementor-widget-icon\" data-id=\"3b367a5\" data-element_type=\"widget\" data-e-type=\"widget\" data-settings=\"{&quot;_position&quot;:&quot;fixed&quot;}\" data-widget_type=\"icon.default\">\n\t\t\t\t<div class=\"elementor-widget-container\">\n\t\t\t\t\t\t\t<div class=\"elementor-icon-wrapper\">\n\t\t\t<a class=\"elementor-icon\" href=\"#elementor-action%3Aaction%3Dpopup%3Aopen%26settings%3DeyJpZCI6IjIyMTciLCJ0b2dnbGUiOmZhbHNlfQ%3D%3D\" target=\"_blank\">\n\t\t\t<svg xmlns=\"http:\/\/www.w3.org\/2000\/svg\" id=\"Camada_1\" data-name=\"Camada 1\" viewBox=\"0 0 283.46 283.46\"><defs><style>.cls-1{fill:#1e2749;}<\/style><\/defs><path class=\"cls-1\" d=\"M217,280.37c-2.16-.53-4.32-1-6.47-1.58-22.38-5.65-38.19-26.54-37.25-49.57a74.07,74.07,0,0,1,2.16-12.74c.36-1.58.35-2.37-1.18-3.22Q138,193.09,101.82,172.75c-1.61-.91-2.32-.41-3.31.77a48,48,0,0,1-31.44,17.33,49,49,0,0,1-50.54-26.48c-14.87-29.32,1.28-64,33.41-71.05C69,89.13,85.33,95.07,98.38,109.69c.48.53,1,1.07,1.56,1.76L175,69.55c-.64-6.81-1.84-13.21-1.72-19.59.39-22.66,19.65-43.26,42.09-46.38a50.27,50.27,0,0,1,54.32,33c10.11,28.85-9.4,61.08-39.76,65.06-18,2.35-33-3.4-44.94-17-1.31-1.49-2.19-1.5-3.81-.59q-35.83,20.1-71.75,40c-1.7,1-2,1.77-1.4,3.57a46.26,46.26,0,0,1,0,27.94c-.62,2-.06,2.79,1.63,3.73q35.79,19.88,71.5,39.93c1.69.95,2.61,1,4-.6,13.06-14.61,29.42-20.44,48.47-16.11C253.35,187,266,199.74,271,219.35c7.15,27.77-12.63,56.76-40.91,60.48a11.38,11.38,0,0,0-1.78.54Zm39.67-49.63a33.93,33.93,0,1,0-33.81,33.94A33.72,33.72,0,0,0,256.65,230.74Zm0-177.8c.13-18.52-14.83-34-33.06-34.14-19.15-.19-34.68,14.82-34.78,33.59a33.92,33.92,0,1,0,67.84.55Zm-196,122.68A34,34,0,1,0,26.74,141.8,34.08,34.08,0,0,0,60.67,175.62Z\"><\/path><\/svg>\t\t\t<\/a>\n\t\t<\/div>\n\t\t\t\t\t\t<\/div>\n\t\t\t\t<\/div>\n\t\t\t\t<\/div>\n\t\t\t\t\t<\/div>\n\t\t\t\t<\/div>\n\t\t\t\t<\/div>\n\t\t","protected":false},"excerpt":{"rendered":"<p>Mensagem do CEO In\u00edcio Mensagem do CEO Reconhecer nosso legado e conduzir o futuro da mobilidade no Brasil (GRI 2-22) Em 2023, mais do que nunca, comemoramos nossas vit\u00f3rias. Ao olhar para estes 70 anos de Volkswagen no Brasil percebemos, nitidamente, que temos muitos motivos para isso. S\u00e3o sete d\u00e9cadas de trabalhos cont\u00ednuos, inova\u00e7\u00e3o, criatividade [&hellip;]<\/p>\n","protected":false},"author":2,"featured_media":6070,"parent":0,"menu_order":0,"comment_status":"closed","ping_status":"closed","template":"elementor_header_footer","meta":{"_monsterinsights_skip_tracking":false,"_monsterinsights_sitenote_active":false,"_monsterinsights_sitenote_note":"","_monsterinsights_sitenote_category":0,"footnotes":""},"class_list":["post-144","page","type-page","status-publish","has-post-thumbnail","hentry"],"_links":{"self":[{"href":"https:\/\/www.relatostar.com.br\/2023\/wp-json\/wp\/v2\/pages\/144","targetHints":{"allow":["GET"]}}],"collection":[{"href":"https:\/\/www.relatostar.com.br\/2023\/wp-json\/wp\/v2\/pages"}],"about":[{"href":"https:\/\/www.relatostar.com.br\/2023\/wp-json\/wp\/v2\/types\/page"}],"author":[{"embeddable":true,"href":"https:\/\/www.relatostar.com.br\/2023\/wp-json\/wp\/v2\/users\/2"}],"replies":[{"embeddable":true,"href":"https:\/\/www.relatostar.com.br\/2023\/wp-json\/wp\/v2\/comments?post=144"}],"version-history":[{"count":6,"href":"https:\/\/www.relatostar.com.br\/2023\/wp-json\/wp\/v2\/pages\/144\/revisions"}],"predecessor-version":[{"id":19944,"href":"https:\/\/www.relatostar.com.br\/2023\/wp-json\/wp\/v2\/pages\/144\/revisions\/19944"}],"wp:featuredmedia":[{"embeddable":true,"href":"https:\/\/www.relatostar.com.br\/2023\/wp-json\/wp\/v2\/media\/6070"}],"wp:attachment":[{"href":"https:\/\/www.relatostar.com.br\/2023\/wp-json\/wp\/v2\/media?parent=144"}],"curies":[{"name":"wp","href":"https:\/\/api.w.org\/{rel}","templated":true}]}}